2?
112
Suppose 3*u + 564 = 2*h, 9*u - 6*u = -h - 564. Let j = u + 203. Calculate the greatest common divisor of 240 and j.
15
Suppose 6*k - 1072 = -118. Let s = k - -116. Calculate the highest common divisor of s and 75.
25
Let a(o) = o**2 + 14*o + 37. Let p be a(-13). Let i be -6 - ((-85)/5 - 1). Calculate the highest common factor of p and i.
12
Suppose -27*y - 22*y = 4*y - 11713. Calculate the greatest common divisor of 119 and y.
17
Let o = 2 + 12. Let s = 2617 + -2568. What is the highest common divisor of o and s?
7
Let w(u) = -59*u - 4. Let x be w(-4). Suppose 4*l - x = 5*m - 678, -3*m + 2*l = -268. What is the greatest common factor of 10 and m?
10
Let c(g) = -10*g + 15. Let h be c(2). Let t be 7/(-35) + (-481)/h. Calculate the greatest common factor of 12 and t.
12
Suppose -2*k - n = -44301, 81*k - 78*k - 66438 = 3*n. Calculate the greatest common factor of 207 and k.
207
Let k be 1/(-4) - (-5642)/(-56). Let w = -586 + 702. Let y = k + w. Calculate the highest common divisor of y and 10.
5
Let a(p) = -p**2 - 107*p - 1600. Let r be a(-18). Calculate the greatest common divisor of 626 and r.
2
Let y = 10078 - 7035. What is the highest common factor of y and 358?
179
Let m(w) = 3*w - 10 + 0*w + 31 + 18. Let k be m(-6). Calculate the greatest common divisor of k and 3.
3
Let r(h) = h**3 + 11*h**2 + 22*h - 3. Let i be r(-3). Suppose 2*w - i*w + 132 = 3*b, 46 = b + w. Calculate the greatest common factor of b and 387.
43
Let k be (-4)/2 - (-94 - -1). Suppose 0 = -3*y + z + 73, 7*y + 58*z - 59*z = 177. What is the greatest common factor of y and k?
13
Let s(f) = 35*f - 1. Let z be s(1). Suppose 429 = q - 4*h, -4*q + 1696 = 21*h - 17*h. What is the greatest common divisor of q and z?
17
Suppose 257*f - 121*f = 1224. What is the highest common factor of 45 and f?
9
Suppose 777 = 14*r - 1281. Suppose 126*k = r*k - 735. Let c = 1 - -69. What is the highest common factor of k and c?
35
Let f = 3486 + -2486. Calculate the highest common factor of 5 and f.
5
Let d(m) = 38*m + 1848. Let h be d(-48). Calculate the highest common factor of 16584 and h.
24
Suppose -9 = -2*j - 1. Suppose j*h - 4*z + 520 = 0, -2*h - 165 - 96 = -z. Let k = -71 - h. What is the greatest common factor of k and 15?
15
Suppose -15*z = -10*z - 10. Let r(h) = 17*h - h**z - 1 - 3*h + 5. Let j be r(12). What is the highest common factor of 252 and j?
28
Let v = 1168 + -315. Suppose -8*u + v - 213 = 0. What is the greatest common divisor of u and 60?
20
Let b(w) = 3*w + 85. Suppose -22 = -7*k - 71. Let g be b(k). What is the highest common factor of g and 88?
8
Let d(t) = t**2 - 3*t - 5. Let c be d(-5). Suppose 59*u = c*u + 1632. What is the highest common divisor of u and 170?
34
Let l be 154/(-28) - -37*(-1007)/(-38). Let a(b) = 17*b - 3. Let x be a(4). Calculate the highest common factor of x and l.
65
Suppose 74 = 33*p - 91. Let t be (-8)/p*(-4180)/176. Calculate the highest common factor of t and 1216.
38
Let f be 532/(-21)*(-21)/4. Suppose f*w - 141*w = -1376. Calculate the highest common divisor of 4 and w.
4
Let g be 2152/14 - (-8)/28. Let b be 2/3 - (-230)/69. Suppose 12 = z - p, -b*z + 1 = -5*p - 45. What is the highest common divisor of g and z?
14
Suppose -31*w + 1296 = -43*w. Let g be (-1)/((1 - -5)/w). Suppose 0 = -0*i - 2*i + 252. Calculate the greatest common divisor of g and i.
18
Let s(q) = -22*q + 32. Let o be s(-4). Suppose -o = -3*i + p - 5*p, -i + 3*p = -53. What is the highest common divisor of 198 and i?
22
Suppose z + 3*k = k - 2, 0 = 5*k - 5. Let i = -24 + z. Let x = i - -93. Calculate the greatest common factor of 26 and x.
13
Suppose -8 = 2*l - 4*l. Let d be (-1 + (-94)/l)/((-7)/14). Let s = 58 - d. Calculate the highest common divisor of s and 81.
9
Let v be (2*(-15)/12)/((-13)/26). Suppose d - 4*m = -7*m + 24, v*m - 16 = d. What is the greatest common divisor of d and 198?
9
Let u = 16804 - 16735. Calculate the greatest common factor of u and 23.
23
Suppose 0 = -z - 5*g + 92, 6 = -2*g - 2. Suppose -15*u + 7*u = -z. Calculate the highest common factor of u and 560.
14
Let h be (-2 + 1)/((-10)/2880). Suppose -119*w = -155*w + 542 - 110. Calculate the highest common divisor of w and h.
12
Let v(k) = 2*k**3 + 49*k**2 - 131*k + 123. Let q be v(-27). Calculate the greatest common divisor of q and 105.
15
Suppose 36 - 124 = -2*z + 5*f, 0 = -z - 3*f + 44. What is the greatest common divisor of 440 and z?
44
Suppose -25*y = -28*y + 13*y - 11850. What is the highest common factor of y and 135?
15
Suppose 0 = -20*k + 22*k + 29148. Let f be k/(-231) + 1/(-11). What is the greatest common factor of f and 84?
21
Suppose 5*h - 35714 = 5*m + 6466, 3*h = 4*m + 25308. Suppose 18*v - 14*v - h = 0. Let k be 3/(-24)*-2 + v/12. Calculate the greatest common factor of k and 22.
22
Suppose -172*j = -520*j + 300672. Suppose 58 = 2*y - 2*a - 2, 0 = 5*y + 3*a - 166. Calculate the greatest common factor of y and j.
32
Suppose -7*m = -14 - 14. Suppose 0 = -m*g + 3*g + 495. Calculate the greatest common factor of 45 and g.
45
Let h(m) = -7*m**3 + 344*m**2 - 34*m - 98. Let o be h(49). What is the greatest common divisor of o and 49?
49
Let v be (-491)/(-2946) - ((-1606)/12 + -2). Calculate the greatest common factor of 493 and v.
17
Suppose 0 = -48*q + 49*q - 16. Let d be (262/8)/(3/12). Suppose -d + 1011 = q*b. What is the greatest common factor of b and 5?
5
Let g = -8113 + 8141. What is the greatest common factor of g and 18536?
28
Suppose 9 - 21 = -6*s. Let n be (633 - 638)/(-2 - 86/(-44)). What is the greatest common divisor of s and n?
2
Let a = 49 + -23. Suppose 0 = 3*d + 5*c - a, 0 = 3*d - 3*c + 3 + 3. What is the highest common divisor of 7 and d?
1
Suppose 0 = -5*j - 5, 11*j - 15*j = 3*o + 430. Let f = o - -389. Calculate the greatest common divisor of f and 76.
19
Let r = -37 - -42. Suppose 4*z - 3 - 38 = r*c, -5*c = -z + 29. What is the greatest common factor of z and 36?
4
Let a(i) = 3*i**2 + 38*i + 91. Let v be a(-15). Calculate the highest common divisor of v and 3626.
98
Let p(d) = 3*d**2 + d + 2. Let f be p(-1). Let r(l) = 11*l - 30. Let o be r(f). Calculate the highest common divisor of 154 and o.
14
Suppose -2*d - d + 12 = 0. Let i be (-36)/30*(-600)/72. Suppose -g + d*r + 8 = -i, r = -3*g + 28. Calculate the highest common factor of g and 20.
10
Suppose 0 = -3*n - 4*p + 1247, 0*n - n - 4*p + 429 = 0. Let g = n + -381. What is the highest common divisor of 126 and g?
14
Suppose -38 = -5*c + 3*r + 77, -r = 3*c - 69. Suppose 5*n - c - 182 = 0. Let s = -23 + n. Calculate the highest common factor of 72 and s.
18
Let y = 526 - 292. Suppose -10037*i - 11320 = -10166*i + 8804. Calculate the greatest common factor of y and i.
78
Let k(j) = j**3 + 25*j**2 + 134*j + 30. Let p be k(-17). Let f(r) = 47*r**3 + r**2 - r + 1. Let c be f(1). What is the highest common factor of c and p?
16
Let x be (15/(-6))/(3/(-6)). Suppose -45*h + 9 = -42*h - 3*b, -3*b = 6. Let u be h - 8*(-2)/4. What is the greatest common factor of u and x?
5
Let n be -41*((-603)/(-3))/((-18)/12). Calculate the highest common divisor of 2 and n.
2
Suppose -2*f - 3*w = -6*f + 73, w + 94 = 5*f. Let v = 27 + -8. Calculate the greatest common divisor of f and v.
19
Suppose -775*w + 82620 = -730*w. Calculate the greatest common divisor of w and 340.
68
Suppose f + 4*h = 19, f + 0*h = 4*h + 19. Let w be 13 - 14 - ((-4216)/44 - (-6)/(-33)). What is the highest common divisor of w and f?
19
Let q(k) = -260*k + 48. Let o be q(-4). Let u be (-2)/(-13) - (-5)/(130/o). Calculate the greatest common divisor of 28 and u.
14
Let b = 1592 + 708. What is the highest common divisor of b and 100?
100
Let f(w) = -17*w**2 + 12*w**2 - 9*w + 25 + 6*w**2. Let v be f(5). Suppose l + v*l = 714. Calculate the highest common divisor of l and 17.
17
Suppose -5*g + 2*c + 32 = 0, 4*c = 3 + 13. Let w be 151 - (4/g*4 + -1). Suppose r = 3*r - w. What is the greatest common factor of r and 50?
25
Let j = 248 + -356. Let f = -72 - j. What is the highest common factor of f and 4?
4
Let x(f) = -5*f + 5*f**2 + 4 - f + 2*f**2. Let u be -5 + 8 - (0 + 2 + -1). Let q be x(u). What is the greatest common divisor of 4 and q?
4
Let o be (40/18)/((-48)/(-216)). Let u(w) = -w**3 + 8*w**2 + 20*w + 2. Let f be u(o). Calculate the highest common facto